*6 + 0 + 0*t**4 + 0*t. Give y(2).
-6
Let a(w) = -w**3 - 7*w**2 + 3*w + 8. Let j(o) = -o**2 + 1. Let l(z) = -a(z) + 6*j(z). Determine l(-2).
0
Let m(c) = -c. Let l(h) = -5*h. Let y = -9 + 11. Let i(r) = y*l(r) - 11*m(r). Give i(-4).
-4
Let x(p) = -p**2 + 5*p + 3. Let u(d) = -19*d - 1. Let n be u(-1). Suppose -4*h + n = -6. What is x(h)?
-3
Suppose 3*z = 5*k - 1 + 14, -2*z + 8 = -3*k. Let u(s) = 3*s + 1. Calculate u(k).
-5
Let o(p) = p**2 - 4*p - 4. Let c be o(4). Let q(h) = -6*h - 4 - h**2 + 4 - 4. Determine q(c).
4
Let y be 13 + -12 + 6/(-2). Let z(v) = -2 + 0*v**2 + 2*v**2 + v**3 - v + 0*v**3. What is z(y)?
0
Let s(w) = -1 + 3*w**3 - 8 - 6 + 12*w + 18*w**2. Let y(v) = -v**3 - 6*v**2 - 4*v + 5. Let p(b) = 6*s(b) + 17*y(b). Give p(-5).
0
Let w(j) = 11*j**2 - 4*j + 13. Let x(b) = -b + 4 + 7*b**2 + 0 + 0*b - 3*b**2. Let f(l) = 3*w(l) - 8*x(l). What is f(5)?
12
Let h(y) be the first derivative of -y**3/3 + 5*y**2/2 + 10*y + 4. Let b be h(7). Let n(j) = j + 5. Give n(b).
1
Let u(n) be the third derivative of n**5/60 - 4*n**3/3 - 2*n**2 - 3*n. Determine u(0).
-8
Let j(k) be the third derivative of -k**5/60 + k**4/6 - k**3/6 - 2*k**2. Let c be j(3). Let x(p) = -c + p - 5*p + 2*p. Give x(-3).
4
Let t = -15 - -24. Let x(z) be the second derivative of -z**3/6 + 9*z**2/2 - 30*z. Let c be x(t). Let w(u) = -u + 3. Give w(c).
3
Suppose -t - 12 = t. Let y(v) = v**3 + 7*v**2 + 6*v - 5. Determine y(t).
-5
Let n(i) be the second derivative of 1/2*i**3 + 0 + 1/4*i**4 - 4*i + 1/20*i**5 + 3/2*i**2. Determine n(-2).
1
Let m(h) = -3*h - 5. Let i = -41 + 48. What is m(i)?
-26
Let d(l) = -4 + 2*l**2 + 0*l**2 - l**2 + 4*l. Determine d(-4).
-4
Suppose u - 4*g + 5*g = 2, -5*g = u - 10. Let k(o) = -3 + 8 - 1 + o**3 - o**2. Determine k(u).
4
Let n be (-68)/(-20) + (-4)/10. Suppose 4*w = n*w + 16. Suppose 2*r - w = -2*x - x, -r - 6 = -2*x. Let y(b) = b**2 - 1. What is y(r)?
3
Let z(g) = -g - 1. Let r be z(-6). Let p = 11 + -8. Let t(o) = -o**2 + p*o - 2*o + o**3 - 5 - 4*o**2 + 2. Give t(r).
2
Let w(z) = -z**3 + 8*z**2 - 7*z. Suppose -2*u - 1 = -15. Determine w(u).
0
Let i(m) = 5*m + 2*m**2 - 6*m - 1 + 3 - m**3. Determine i(3).
-10
Let b(a) be the first derivative of 2*a**2 + 5*a - 1/3*a**3 - 1. What is b(6)?
-7
Let l(r) be the first derivative of -r**3/3 + 3*r**2/2 + 8*r - 3. Determine l(6).
-10
Suppose f - 3*s = 15, -f + 2*f + 5*s = -17. Suppose 4 + 0 = w. Let u(n) = -w - 1 - 4*n**2 + n**f + 0*n**3 + 2*n. Calculate u(4).
3
Suppose 37 = 4*a + 5*q, -4*a + 2*q - q = -7. Let s(t) be the third derivative of -t**6/120 + t**5/20 + t**4/24 + 28*t**2. Give s(a).
3
Let u(y) = 2*y - 1. Let k be u(1). Let t(d) = -5*d + k - d**2 - d - 3. Let b(w) = w**2 + w - 5. Let q be b(0). Determine t(q).
3
Let f(c) = c - 2. Suppose -4*t - 18 = -h, -5*t - 4 = -4*h + 13. Let g be 6/18 + h/6. Suppose g = -4*a + 3 - 19. Determine f(a).
-6
Let f(x) = -x**3 + x**2 - 2. Suppose 5*r + 2 = -3. Let b be 1 - r*(-5 - -2). Calculate f(b).
10
Let k(m) = -15*m**2 - 1. Let x be k(-1). Let q(s) = -4*s + 3 - 2*s + s. Let r(o) = 26*o - 16. Let f(j) = x*q(j) - 3*r(j). Give f(-4).
-8
Let k = -41 + 44. Let o(f) = f**3 - 2*f**2 + 2*f - 1. Determine o(k).
14
Suppose -3*f + 0 = x + 19, 0 = -x - 5*f - 29. Let p(j) be the second derivative of j**3/3 + 5*j**2/2 - 6*j. Give p(x).
-3
Let y be 2/14 + 13/(-91). Let v(n) = n**3 + n - 2. Calculate v(y).
-2
Let l = -3 - -5. Let g(z) = -2*z**3 + 8*z**2 + z - 4. Let h(y) = y**2 + 2 - 4 + y + 1. Let v(j) = -g(j) + 4*h(j). Determine v(l).
6
Let f(s) = 5*s**2 - 9*s + 1. Let g(a) = -4*a**2 + 8*a - 1. Let x(l) = -3*f(l) - 4*g(l). Let d = 11 - 8. Determine x(d).
-5
Suppose 3*y = s + s + 8, 2*s = -2. Let z(v) = -v - 3. Let d(o) = 1 - 1 - 1. Let a(h) = y*d(h) + z(h). Calculate a(-5).
0
Let n(g) = -3*g + 7. Let j be -1*((-10)/2 + 0). Give n(j).
-8
Let y(i) = -i**3 - 2*i**2 + i - 2. Let b be ((-9)/12)/((-1)/(-4)). Let t be y(b). Let w(l) = -3 + 0 + l**2 + 0*l + t*l - 2. What is w(-5)?
0
Suppose -2*k - 25 = 5*f, -2*f + k = 2*k + 11. Let i(l) = 2*l**2 + 3*l + 4. Calculate i(f).
13
Let h = 2 + -1. Let b(w) = w + 1. Let n(l) = -5*l - 3. Let x(y) = 2*b(y) + n(y). What is x(h)?
-4
Let f(q) = -q**2 + q - 1. Let x(a) = a**3 + 5*a**2 - 7*a + 2. Let h(w) = 4*f(w) + x(w). Determine h(-2).
0
Let s(l) = 3*l - 3*l**2 - 4*l + 0*l**2. Let p = 5 + -3. Suppose p*d + 2 = d. Give s(d).
-10
Let a = 24 - 21. Let o(d) = -d**2 + d - 1. Let r(u) = -3*u + 2. Let t(v) = o(v) + r(v). Give t(a).
-14
Suppose -1 = a - 11. Let f(w) = -w + 4. Give f(a).
-6
Let j(s) = -15*s**2 + 6 + 6*s**2 - s + 3*s**2 + s**3. Calculate j(6).
0
Let y(r) = r**2 - r + 2. Let j = 33 + -29. Determine y(j).
14
Let u(z) = -12*z**2. Let j be u(-1). Let w(x) = 2*x + 14. Let r(t) = 1. Let b(g) = j*r(g) + w(g). Determine b(-6).
-10
Let a(f) = 1. Let k(v) = 3*v + 9. Let z(b) = 6*a(b) - k(b). What is z(-4)?
9
Let o be ((-3)/(-2))/((-6)/(-8)). Suppose -o*m = -4 - 0. Let u(p) = -17*p - p**m - 1 + 20*p - p**3 - 3. Calculate u(-3).
5
Let f = 14 - 16. Let x(b) = 2 + 0 - 2*b + 3*b**2 - 5*b**2. Calculate x(f).
-2
Let l(q) = 2*q**3 + 2*q**2 + 3*q + 1. Suppose -4*m - 7 = 1. What is l(m)?
-13
Let w(h) = 7*h**2 + h. Let i = 3 - 2. Give w(i).
8
Let d(q) be the second derivative of q**5/20 + q**4/3 - q**3 - q**2 - 3*q. Suppose -2 = -5*k + 13. Let b be k + -6 + -3 - -1. Determine d(b).
3
Let c(x) = 11 + 5*x**2 - 7 + x**3 + 1 - 2. Give c(-5).
3
Let m(p) = p - 19. Let w be m(8). Let r(a) = -a - 1. Let z(g) = 6*g + 5. Let o(n) = w*r(n) - 2*z(n). What is o(2)?
-1
Let u be (100/30)/(4/(-6)). Let b(s) = -s**3 - 4*s**2 + 6*s. Give b(u).
-5
Let i = -17 - -8. Let h = -10 - i. Let o(y) = -y + 3*y - 4*y. What is o(h)?
2
Suppose 23 = -2*m - 2*m - 3*a, -2*m - 2*a = 12. Let z(v) = -v**2 - 6*v - 8. Let g(h) = -5 + 2 + 4. Let p(d) = 2*g(d) + z(d). Determine p(m).
-1
Let s(q) be the third derivative of -q**6/15 + 2*q**5/15 - q**4/12 + q**3/2 - 3*q**2. Let h(p) = -p**3 + p**2. Let j(t) = 6*h(t) - s(t). Calculate j(2).
9
Let a(k) = -k**3 + 3 + k**2 - k**2 + 4*k**2 - 3*k**2. Let y(h) = 5*h**3 - 4*h**2 + h - 16. Let q(l) = -11*a(l) - 2*y(l). What is q(4)?
7
Let v(o) = o - 1. Let c(t) = 3 - 2*t - 7 + 5*t - 2*t. Let f(y) = -y**3 - 3*y**2 + 3*y - 1. Let z be f(-4). Let g be c(z). Give v(g).
-2
Suppose 1 = -l + o + 2, 0 = 3*l + 3*o - 9. Let u(w) = 5 + l - 3 - w**2 - 6 + 4*w. Determine u(4).
-2
Let v(p) = p**2 - 2*p + 6. Let b be v(0). Let i(k) = -k + 6. Determine i(b).
0
Let h(x) be the second derivative of x**4/12 - x**3/6 - 3*x**2/2 - x. Suppose 7*r - 20 = 2*r. Suppose 0 = r*q + 5 - 21. Determine h(q).
9
Let t(u) = 2*u + 19. Let s(d) = 3*d + 29. Let h(i) = -5*s(i) + 8*t(i). Give h(-5).
2
Let n(v) = -v - 1. Let a = -12 - -13. Give n(a).
-2
Suppose 2*n = 4*n - h + 2, 0 = -2*n - 4*h + 18. Suppose -o = -2 - n. Let y be 2 + -3 + o/(-1). Let v(f) = -f**3 - 4*f**2 - 3*f - 5. What is v(y)?
7
Let o(q) = -q**2 - 6*q + 1. Let g be o(-6). Let b be 6 - 6 - (-2)/g. Let a(n) = 4*n**3 - 4*n - 1 + 0 + 3*n**b - 3*n**3. Calculate a(-4).
-1
Let a(t) = -t**3 + 7*t**2 - 3*t - 13. Let g be a(6). Let c(i) = i**2 - 8*i + 7. Calculate c(g).
-8
Let s(u) = -u**3 - 7*u**2 - 6*u - 2. Let l(n) = -3*n - 12. Let r be l(-2). What is s(r)?
-2
Let x(o) = -o**2 - 5*o. Let b be (-6 - -1) + 3 - 2. Determine x(b).
4
Let l(p) = -1 - p**2 - 4*p - 2*p + 5*p. Give l(2).
-7
Let k(f) = -2*f. Suppose 0 = -0*w + 3*w - 3. Suppose -i = -n - n - 4, -w = n. What is k(i)?
-4
Let s be 2/(-4*(-3)/6). Let i(y) = 2*y**2 + y. Let v be i(s). Let m be 4/6 - (-7)/v. Let j(b) = -b**2 + 3*b - 3. Determine j(m).
-3
Let l = -5 - -8. Let d(r) = -l - 5 + 7 + 10 + r. Give d(-5).
4
Suppose 3*x = -0*x + 6. Let s(z) = z - x - 2*z - 2. Let m = 3 - 6. Calculate s(m).
-1
Let b(u) be the second derivative of -u**4/12 - 5*u**3/3 - 5*u**2/2 - 9*u. Determine b(-8).
11
Suppose 0*q = -q + 3. Suppose x + 78 = 3*x - q*f, -5*x = -5*f - 185. Suppose 2*b - 5*y = x, -b + 4*y = -5*b - 4. Let o(a) = a - 2. Calculate o(b).
2
Let x(l) = l**3 + 7*l**2 + 5*l - 6. Let a = 0 - 6. Let t = 0 + a. Give x(t).
0
Let j(m) be the second derivative of m**4/12 + m**3/3 - 3*m**2 + 46*m. Determine j(-5).
9
Let v(o) be the second derivative of o**3/6 + o**2/2 + 7*o. What is v(5)?
6
Let x(p) = 3*p**2 - 8*p + 6. Let i(s) = s**2 - 2 - 2*s**2 - 2*s + 5*s. Let m = -4 + 6. Let r(y) = m*x(y) + 7*i